factors of u?
2, 3, 5
List the prime factors of 5/((9 + -5)/2776) + 4.
2, 3, 193
Let b(x) = -578*x**3 + 2*x**2 + 15*x + 14. List the prime factors of b(-1).
3, 193
Let c = -3522 - -6493. What are the prime factors of c?
2971
What are the prime factors of (-2)/20 + 768092/520?
7, 211
Let g(s) = 6*s**3 + 5*s**2 + 23*s + 8. Let n(a) = 2*a**3 + 2*a**2 + 8*a + 3. Let h(k) = 6*g(k) - 17*n(k). Let b = 8 - 5. List the prime factors of h(b).
3, 7
Let f(y) = y**2 + 5*y + 6. Let j be f(-4). Suppose p - 9 = -j*x + 3*x, -2*p = -x - 10. Let z = x + 47. What are the prime factors of z?
3, 13
Let g = -563 - -1039. List the prime factors of g.
2, 7, 17
Suppose 5*o - 16*g - 2347 = -13*g, -2*o + 942 = 2*g. What are the prime factors of o?
2, 5, 47
Let n(c) = -3*c**2 + 7*c - 1. Let f(s) = -3*s**2 + 8*s - 1. Let j(l) = 4*f(l) - 5*n(l). Let g be j(2). List the prime factors of 12 + g/(7/(-3)).
3
Let u be 0 + 3/(-3) + 3. Suppose -15 = -u*v + 13. Suppose -g - w = -8, -5*w = -4*g + 27 + v. List the prime factors of g.
3
Suppose 6*k = 7*k - 17. What are the prime factors of k?
17
Suppose 3*w = -19 + 7, 3623 = 5*x + 3*w. What are the prime factors of x?
727
What are the prime factors of (-62)/4*-36 + -5?
7, 79
Let z(v) = -v**3 + 16*v**2 + 30*v - 9. Let y be z(18). Let s = -40 + -14. Let n = s - y. What are the prime factors of n?
3, 7
Let m(o) = 2*o**2 - 3*o. Let x be m(2). Suppose 0 = -4*y + 71 - 7. Suppose -v = -x*v + y. What are the prime factors of v?
2
Suppose -24 = 5*n + 86. Let g(u) = u**3 + 10*u**2 + 9*u - 11. Let l be g(-8). Let s = n + l. What are the prime factors of s?
23
List the prime factors of ((-50)/(-150))/((-3)/(-6*3693)).
2, 1231
Suppose -3*r + 210 = -3*y, 0*r = 2*r + 3*y - 155. Suppose -r = -5*f + 197. List the prime factors of f.
2, 3
Let o(u) = -u**2 - u + 81. Let f = 35 + -35. List the prime factors of o(f).
3
Let q = -3 + -294. Let b = -164 - q. What are the prime factors of b?
7, 19
Suppose 0 = -4*f - f - 3*z, -4*z = 20. Suppose -4*v - 852 = -4*d, f*d + 0*d - 4*v = 640. What are the prime factors of d?
2, 53
Suppose -3*y + 35 = 4*y. What are the prime factors of ((-448)/(-20) + y)/((-1)/(-5))?
137
Suppose 4*o + 48 = 2*o. List the prime factors of 1*-3 - (-2 + o).
23
Let a(g) = 31*g**2 + 9*g - 17. What are the prime factors of a(6)?
1153
Suppose 4*x = 3 + 5. Let r(c) = 3 + 1364*c**3 - 1361*c**3 - 1 - c**2. What are the prime factors of r(x)?
2, 11
Let l = 22 + -25. Let c be (-3 + (-9)/l)/(-1). Suppose -5*o - 1 + 36 = c. List the prime factors of o.
7
Suppose 795 = -3*b - z - 4*z, -5*z = 15. Let o = b - -472. What are the prime factors of o?
2, 53
Let k = 9 - 8. Let n(z) = -6*z - 5*z**2 - 4 + 3 - z**3 - k. List the prime factors of n(-5).
2, 7
Suppose -f + s = -3, 5*s + 14 = 3*f - 1. Suppose m + 73 = 3*g, g - 4*m + f*m - 39 = 0. List the prime factors of g.
23
Let w(x) = x**2 - 9*x - 17. Let u be w(13). Let o be (336/u)/(2/95). What are the prime factors of o/28 + (-4)/14?
2
Let l = -754 - -1729. List the prime factors of l.
3, 5, 13
Suppose 4*v - 50 = -v. Let q(l) = -l**3 + 12*l**2 - 15*l + 8. Let i be q(v). Let f = i - 33. List the prime factors of f.
5
Let s be (-15928)/(-242) - 4/(-22). What are the prime factors of (-3098)/(-22) - (-1 + 54/s)?
3, 47
List the prime factors of 25*(-6)/(-15) - -3269.
3, 1093
Suppose 0 = 5*m - 3*m - 4. Suppose m*b - 13 = 3. Suppose 6*c - b*c = -46. List the prime factors of c.
23
Let x(m) = 7*m**3 - 2*m**2 - 3*m + 13. List the prime factors of x(3).
5, 7
Let m(r) = r**3 - 13*r**2 + 17*r - 4. Let h be m(14). Suppose -5*l + 2*g + 446 = -g, 5*g - h = -5*l. What are the prime factors of l?
2, 11
Let q = 72 - 88. Let a(n) = -n**3 - 15*n**2 + 9*n + 20. List the prime factors of a(q).
2, 3, 11
Suppose -25*g = -11728 - 772. List the prime factors of g.
2, 5
Let n = -471 + 659. Suppose -2*b + 124 = -4*v, -v + n = 4*b + 3*v. What are the prime factors of b?
2, 13
List the prime factors of (0 - -550) + (11 - 8).
7, 79
Suppose -47 = -4*u - d - 3, -4 = -d. Suppose 0 = -i - 2*i + 648. List the prime factors of i/u + 2/5.
2, 11
Let z(p) = -10*p - 124. List the prime factors of z(-14).
2
Let l(u) = 2*u - 8. Let k be l(6). Suppose 10 = k*n - 2. List the prime factors of (-3 - -16)*(n + -2).
13
Suppose 16*o - 6*o = 4060. Suppose 3*v - 5*z + 8*z = 618, z = 2*v - o. What are the prime factors of v?
2, 3, 17
Let l(p) = p + 21. Let m be l(-18). Suppose 2*h - 17 = -o, -3*o + o - m*h = -38. List the prime factors of o.
5
Let d = -76 - -76. Suppose -6*m = -5*n - m + 270, d = -5*n - 5*m + 220. What are the prime factors of n?
7
Suppose 0 = 5*b + 2*m + 740, 60 + 71 = -b + 3*m. Let i = b + 220. What are the prime factors of i?
2, 37
Suppose a - 2*v + 1 = -0, -6 = -3*v. Suppose 0 = -5*b + 5, 5*l + b - a = 8. Suppose -l*o - 182 = -4*y, o - 5 + 51 = y. What are the prime factors of y?
3, 5
Let u = 20 - 17. Suppose -3*r = -u - 12. Suppose 2*k = r*h + 3*k - 187, 0 = -h + 2*k + 44. What are the prime factors of h?
2, 19
Let u = -4 - 1. Let f be (-195)/(-6) + 4/(-8). Let y = f + u. List the prime factors of y.
3
Suppose 0 = -5*p, -3*r + 13 + 32 = -p. Let n = r - -10. Suppose -s + n + 19 = 0. List the prime factors of s.
2, 11
Let c = -321 + 650. List the prime factors of c.
7, 47
Let z = -629 + 962. Suppose -11*o - z = -14*o. List the prime factors of o.
3, 37
Let b(y) = 5*y**2 - 12*y + 154. List the prime factors of b(-24).
2, 11, 151
Let t be -14*8 + (0 - 0). Let j be 6/(t/60 + 2). Suppose -3*x = -8*x + j. What are the prime factors of x?
3
Let m(z) be the third derivative of z**6/360 + z**5/30 - z**4/24 + 3*z**2. Let n(o) be the second derivative of m(o). What are the prime factors of n(6)?
2
Suppose -9*s + 167 + 823 = 0. Let c = -14 + s. What are the prime factors of c?
2, 3
Let r(j) be the third derivative of j**6/30 + j**5/20 - j**4/6 + j**3/3 - 27*j**2. What are the prime factors of r(3)?
5
Let d = -1316 + 3417. What are the prime factors of d?
11, 191
Let n = -674 + 857. Let k(h) = 9*h**2 + 6*h + 1. Let y be k(-4). Let g = n - y. List the prime factors of g.
2, 31
Let r = 102 - 60. Suppose 0 = 4*a + 20, 3*f - 5*a + 0*a - 76 = 0. Let j = r - f. What are the prime factors of j?
5
Let n(u) = -2*u**2 - u + 2. Let t be n(2). Let h be t/3 - (-6)/9. Let l = 19 - h. What are the prime factors of l?
3, 7
Let z(l) = -l**2 - l + 24. Let u be z(0). Suppose 0*y = 3*y + u. Let o = y + 16. What are the prime factors of o?
2
List the prime factors of ((-14)/35)/(2/(-1140))*1.
2, 3, 19
Let w(c) = -c**3 - c**2 + 16. Suppose 0 = 3*o + 6 + 6. Let g be o/(-22) + (-12)/66. List the prime factors of w(g).
2
Suppose 8 + 0 = l. Suppose l = 5*r - 7. Suppose -t = -r*t + 102. What are the prime factors of t?
3, 17
Let w(s) = 184*s**2 - 4*s - 6. List the prime factors of w(-1).
2, 7, 13
Let j = -6494 - -9759. List the prime factors of j.
5, 653
Suppose -3*l - 3870 = -12*l. List the prime factors of l.
2, 5, 43
Let c be (3/2)/((-1)/(-4)). Let v = c + -6. Suppose 3*o - 29 + 8 = -3*b, o - 4*b - 12 = v. What are the prime factors of o?
2
Let x = 1468 + -1191. What are the prime factors of x?
277
Let l(o) = -2*o - 20. Let x be l(-10). What are the prime factors of (57 - x)/((-6)/(-4))?
2, 19
Let o be (-8)/28 - (-668)/(-14). Let n = o - -69. Let t = -13 + n. List the prime factors of t.
2
Let b be (0 + 39)/((75/(-10))/5). Let j = 141 + b. What are the prime factors of j?
5, 23
Let f = 120 - 117. Suppose 0*z - 30 = -5*z. Let j = z - f. What are the prime factors of j?
3
Let y be ((-5)/(-3))/5*12. Suppose 8 = -4*u, -238 = -3*s + s + 2*u. Suppose 2*i = -5*h + 295 - s, -141 = -y*h - 3*i. What are the prime factors of h?
2, 3
Suppose v - 3*f = -12 + 170, -3*v = -4*f - 489. What are the prime factors of v?
167
Let m be ((-72)/16)/((-2)/(-4)). Let f(l) = 2*l**2 - 2*l - 32. List the prime factors of f(m).
2, 37
Let b be 5/10 + (-2)/(-4). Let q = -7 - -12. Suppose -q*k + 101 = b. What are the prime factors of k?
2, 5
Let d be ((-12)/14)/(1/14). Let v be 8/d*(-63)/(-6). Let y = 20 - v. List the prime factors of y.
3
Let k = 2952 + -1468. What are the prime factors of k?
2, 7, 53
List the prime factors of 5/(-5) - 457*-10*1.
3, 1523
Let u be 6*404/(-24)*2*-2. Suppose 0*o + u = 4*o. List the prime factors of o.
101
Suppose -3*t + 9 = -3*i - 0*i, -2*t + 4*i + 10 = 0. Let g be ((-3